e 11, what is 255 - 3?
252
In base 14, what is -2 + -8a?
-8c
In base 16, what is -5 + 152?
14d
In base 4, what is -10 - 33?
-103
In base 13, what is 42 - aa?
-68
In base 9, what is 47 - -76?
134
In base 5, what is 2 + -320?
-313
In base 13, what is -66 - -22?
-44
In base 2, what is 1111 + 110?
10101
In base 14, what is -3 - d21?
-d24
In base 12, what is 904 - -6?
90a
In base 5, what is -20244 - 3?
-20302
In base 11, what is 3 + 51?
54
In base 10, what is 1 + -95?
-94
In base 14, what is 1 - 74?
-73
In base 11, what is 3 + -3443?
-3440
In base 7, what is -4216 + 5?
-4211
In base 7, what is -20 + 51?
31
In base 16, what is -1d + 2?
-1b
In base 6, what is -120 - -1?
-115
In base 13, what is 2 - 412?
-410
In base 11, what is -684 - -1?
-683
In base 3, what is 11 + -20010?
-12222
In base 16, what is -3 - -3e?
3b
In base 11, what is 4 - 3a2?
-399
In base 11, what is -413 - 1?
-414
In base 16, what is -7db + 2?
-7d9
In base 8, what is 12 + -164?
-152
In base 16, what is -5 - -19f?
19a
In base 3, what is 1 - 100010101?
-100010100
In base 11, what is -1440 + 4?
-1437
In base 4, what is 13 + 23?
102
In base 5, what is 44 - -431?
1030
In base 7, what is 263 + 1?
264
In base 4, what is 1 - -10010?
10011
In base 10, what is -3 + 152?
149
In base 2, what is 10 + 100000?
100010
In base 7, what is 26 - 105?
-46
In base 15, what is 32e + 2?
331
In base 8, what is -2606 - 25?
-2633
In base 9, what is -106 - 64?
-171
In base 9, what is 4760 - -2?
4762
In base 9, what is -7116 + 2?
-7114
In base 4, what is -11 + -1310?
-1321
In base 14, what is -2 - 2d9?
-2db
In base 4, what is 10 - 203?
-133
In base 11, what is -141 - -5?
-137
In base 13, what is -13a + -3?
-140
In base 8, what is -1305 + -11?
-1316
In base 12, what is -35a - 5?
-363
In base 10, what is -32 - -4?
-28
In base 16, what is -26 + 7d?
57
In base 13, what is c2 + 1?
c3
In base 8, what is -44 - 65?
-131
In base 12, what is 5 + 351?
356
In base 13, what is 4 - -6b4?
6b8
In base 10, what is 4 + 8?
12
In base 5, what is 2 - -1004?
1011
In base 4, what is 11 + 31313?
31330
In base 3, what is -2 + 1?
-1
In base 7, what is -2116 - 0?
-2116
In base 8, what is 2 + -267?
-265
In base 8, what is -1503 + 47?
-1434
In base 12, what is 193 - -4?
197
In base 5, what is 23 - -13?
41
In base 7, what is -3 + 13636?
13633
In base 15, what is 5 + 4b?
51
In base 8, what is 2 - -2144?
2146
In base 9, what is -46 - -4?
-42
In base 13, what is -4 + -87?
-8b
In base 3, what is -1021 - 22?
-1120
In base 3, what is -102 + 202211?
202102
In base 16, what is f - 5e?
-4f
In base 4, what is -2200 + -2?
-2202
In base 7, what is -2 + -6?
-11
In base 5, what is -4014 + 3?
-4011
In base 15, what is -39 + 2?
-37
In base 16, what is -5 - 60?
-65
In base 8, what is -2065 + -5?
-2072
In base 13, what is 5 - -23?
28
In base 15, what is -69 + 0?
-69
In base 16, what is -3 + 1bf?
1bc
In base 16, what is -302 + -4?
-306
In base 3, what is -102 - -11020?
10211
In base 16, what is 2757 + 1?
2758
In base 9, what is -5 + -88?
-104
In base 4, what is 120 + 133320?
200100
In base 11, what is -28a9 - 2?
-2900
In base 3, what is 1001 - 1?
1000
In base 6, what is 10 - 552?
-542
In base 8, what is -3 + 1?
-2
In base 15, what is 1934 - -5?
1939
In base 13, what is -36 - 0?
-36
In base 2, what is 101111100 + 1?
101111101
In base 10, what is 4 - 2143?
-2139
In base 4, what is 3020 - -3?
3023
In base 15, what is -19 - -79?
60
In base 15, what is -3 - 68?
-6b
In base 12, what is 68 - -9?
75
In base 16, what is -3c + -c?
-48
In base 12, what is 0 - -29?
29
In base 10, what is 686 + -4?
682
In base 2, what is -11000 + 1101010110?
1100111110
In base 16, what is 0 - 106?
-106
In base 6, what is -20140 + 3?
-20133
In base 3, what is 1 + 21?
22
In base 13, what is 150 + -1b?
132
In base 7, what is 21 - -62?
113
In base 5, what is -32 + 2001?
1414
In base 2, what is -11001 - 1110100?
-10001101
In base 14, what is -4 - -1427?
1423
In base 6, what is 0 + -4015?
-4015
In base 2, what is 11010 + 1010101?
1101111
In base 2, what is -111 + 10011000100?
10010111101
In base 6, what is 53 + -132?
-35
In base 16, what is 3 - -1ca?
1cd
In base 13, what is 23 + b?
31
In base 12, what is -1983 - -3?
-1980
In base 3, what is 11 + -112?
-101
In base 8, what is -5 - 116?
-123
In base 12, what is -2 + 248?
246
In base 12, what is -a89 - 3?
-a90
In base 6, what is -12 - 51?
-103
In base 9, what is -5 + 1774?
1768
In base 9, what is 1 + 206?
207
In base 13, what is -1 - 22?
-23
In base 7, what is -1 - -16511?
16510
In base 8, what is -11 + 455?
444
In base 9, what is -8 - -22?
13
In base 9, what is -250 + 1?
-248
In base 2, what is -101 - -10010?
1101
In base 16, what is 4 - fa?
-f6
In base 16, what is -1 - -9f?
9e
In base 11, what is 8a2 - -5?
8a7
In base 13, what is 1bc - -1?
1c0
In base 16, what is -4ee - 11?
-4ff
In base 3, what is -2 + -110212?
-110221
In base 2, what is -101 + -1101111?
-1110100
In base 5, what is 213 - 14?
144
In base 7, what is -5625 - 3?
-5631
In base 16, what is 4 + 2d7?
2db
In base 5, what is -30 + -1020?
-1100
In base 11, what is 12a - 8?
122
In base 2, what is 10 - 10011000?
-10010110
In base 8, what is -1 - -257?
256
In base 15, what is -3ac + 3?
-3a9
In base 4, what is 1 - 1113?
-1112
In base 14, what is -6d - -76?
7
In base 10, what is -5 - -5?
0
In base 5, what is 4 - -332?
341
In base 5, what is -4 - 1222?
-1231
In base 3, what is 10100 + 2?
10102
In base 14, what is -44 + -8b?
-d1
In base 11, what is 121 - 0?
121
In base 7, what is 3 - 30?
-24
In base 5, what is 24 - -14?
43
In base 7, what is -22 + 10?
-12
In base 14, what is 0 + 369?
369
In base 16, what is -1 + 54?
53
In base 10, what is -24 + -113?
-137
In base 4, what is -10 - -3123?
3113
In base 2, what is 110011101 + 1?
110011110
In base 13, what is 10 - 73?
-63
In base 3, what is 101 - 1122?
-1021
In base 9, what is 224 - -1?
225
In base 2, what is 110000 + 101101?
1011101
In base 8, what is 3657 - 4?
3653
In base 3, what is 10 - 1012?
-1002
In base 16, what is -595 - 4?
-599
In base 4, what is 2 - -200?
202
In base 13, what is 5b5 + 5?
5ba
In base 7, what is 45 + -234?
-156
In base 10, what is -5 - -556?
551
In base 2, what is 10100011 - 11?
10100000
In base 11, what is 1 - 4?
-3
In base 10, what is 30 - -11?
41
In base 3, what is 11 + -10111222?
-10111211
In base 4, what is 11333 - 11?
11322
In base 9, what is -271 + 14?
-256
In base 12, what is 360 - -10?
370
In base 10, what is -28213 + 3?
-28210
In base 5, what is -2 - 31?
-33
In base 6, what is 105 - -122?
231
In base 9, what is 11 - -773?
784
In base 9, what is -18 - 16?
-35
In base 8, what is 3117 + -4?
3113
In base 16, what is -2ddb + 4?
-2dd7
In base 7, what is -60 - -2?
-55
In base 5, what is -4 + 10?
1
In base 5, what is 14 + 10021?
10040
In base 6, what is -31440 + 0?
-31440
In base 8, what is -10 + 7?
-1
In base 3, what is -1 + -2012010?
-2012011
In base 8, what is 104 + -7?
75
In base 13, what is 1 - -271?
272
In base 16, what is -6 - -24?
1e
In base 2, what is -1000010000001 + 10?
-1000001111111
In base 7, what is -11 + -246?
-260
In base 14, what is c3 - d?
b4
In base 12, what is 11 + -13?
-2
In base 3, what is 10010 + 220?
11000
In base 2, what is 100 + -11010111?
-11010011
In base 16, what is 72f + 5?
734
In base 9, what is -38 - 11?
-50
In base 8, what is 131 - 4?
125
In base 11, what is 4 - -2095?
2099
In base 4, what is 2 + -3213?
-3211
In base 6, what is -133 + -155?
-332
In base 11, what is 4 + 57?
60
In base 7, what is 23 - -10?
33
In base 7, what is 5 - 30?
-22
In base 10, what is -373 + -2?
-375
In base 15, what is -173 - -26?
-14c
In base 13, what is 5 - -13b?
143
In base 15, what is -3 + -25?
-28
In base 2, what is -101 + -10111101?
-11000010
In base 6, what is -2 - 110?
-112
In base 9, what is 3 + -303?
-300
In base 8, what is -2 + 166?
164
In base 6, what is 0 + -1444?
-1444
In base 15, what is 7 - -2eb?
303
In base 7, what is -5 + 356?
351
In base 11, what is -4 - 66?
-6a
In base 13, what is 76b - -4?
772
In base 3, what is 2222 - -12?
10011
In base 14, what is 2b - -34?
61
In base 7, what is -3 - -321?
315
In base 7, what is 54 - 30?
24
In base 14, what is -2b - -a?
-21
In base 15, what is -2 - 305?
-307
In base 2, what is -11 - -10011110?
10011011
In base 10, what is -873 + -2?
-875
In base 6, what is 